s the thousands digit of 15846?
5
What is the hundreds digit of 35889?
8
What is the thousands digit of 1591?
1
What is the units digit of 725?
5
What is the units digit of 4295?
5
What is the ten thousands digit of 23186?
2
What is the tens digit of 63550?
5
What is the hundreds digit of 263?
2
What is the hundreds digit of 459?
4
What is the tens digit of 34788?
8
What is the tens digit of 2325?
2
What is the ten thousands digit of 94815?
9
What is the hundreds digit of 9004?
0
What is the thousands digit of 1418?
1
What is the thousands digit of 50390?
0
What is the units digit of 13458?
8
What is the tens digit of 2975?
7
What is the thousands digit of 1115?
1
What is the thousands digit of 5873?
5
What is the thousands digit of 7175?
7
What is the units digit of 13102?
2
What is the hundreds digit of 19359?
3
What is the tens digit of 41382?
8
What is the thousands digit of 126788?
6
What is the hundred thousands digit of 168438?
1
What is the tens digit of 40226?
2
What is the hundreds digit of 364?
3
What is the hundreds digit of 276?
2
What is the hundreds digit of 2820?
8
What is the hundreds digit of 83382?
3
What is the hundreds digit of 9396?
3
What is the hundreds digit of 101923?
9
What is the tens digit of 22659?
5
What is the hundreds digit of 26403?
4
What is the tens digit of 3311?
1
What is the tens digit of 5037?
3
What is the thousands digit of 2315?
2
What is the units digit of 171952?
2
What is the tens digit of 1490?
9
What is the units digit of 708?
8
What is the units digit of 48?
8
What is the tens digit of 32933?
3
What is the hundreds digit of 246?
2
What is the hundreds digit of 35509?
5
What is the tens digit of 2764?
6
What is the tens digit of 10?
1
What is the hundreds digit of 1060?
0
What is the tens digit of 32530?
3
What is the hundreds digit of 1943?
9
What is the hundreds digit of 5295?
2
What is the tens digit of 987?
8
What is the units digit of 613?
3
What is the tens digit of 23976?
7
What is the units digit of 12890?
0
What is the units digit of 22217?
7
What is the units digit of 42988?
8
What is the ten thousands digit of 26830?
2
What is the ten thousands digit of 12140?
1
What is the units digit of 332?
2
What is the units digit of 58846?
6
What is the hundreds digit of 511?
5
What is the tens digit of 7978?
7
What is the units digit of 10992?
2
What is the hundreds digit of 3724?
7
What is the thousands digit of 7763?
7
What is the units digit of 3376?
6
What is the hundreds digit of 14184?
1
What is the units digit of 1114?
4
What is the ten thousands digit of 15733?
1
What is the units digit of 9?
9
What is the tens digit of 3630?
3
What is the ten thousands digit of 23168?
2
What is the units digit of 2653?
3
What is the tens digit of 397?
9
What is the ten thousands digit of 33555?
3
What is the units digit of 10759?
9
What is the units digit of 12341?
1
What is the tens digit of 3247?
4
What is the units digit of 1305?
5
What is the tens digit of 2410?
1
What is the tens digit of 546?
4
What is the units digit of 10388?
8
What is the units digit of 12634?
4
What is the ten thousands digit of 22824?
2
What is the tens digit of 18823?
2
What is the hundreds digit of 3841?
8
What is the hundreds digit of 3624?
6
What is the ten thousands digit of 90047?
9
What is the thousands digit of 6494?
6
What is the thousands digit of 1323?
1
What is the thousands digit of 2786?
2
What is the units digit of 13284?
4
What is the tens digit of 7349?
4
What is the hundreds digit of 8852?
8
What is the hundreds digit of 1945?
9
What is the hundreds digit of 3099?
0
What is the units digit of 120?
0
What is the hundreds digit of 103438?
4
What is the units digit of 20231?
1
What is the units digit of 1324?
4
What is the tens digit of 84867?
6
What is the thousands digit of 2526?
2
What is the units digit of 972?
2
What is the hundreds digit of 4075?
0
What is the tens digit of 23948?
4
What is the hundreds digit of 123755?
7
What is the units digit of 258?
8
What is the tens digit of 6256?
5
What is the units digit of 1?
1
What is the thousands digit of 8586?
8
What is the thousands digit of 20446?
0
What is the hundreds digit of 1476?
4
What is the units digit of 157?
7
What is the tens digit of 62583?
8
What is the units digit of 5219?
9
What is the hundreds digit of 144769?
7
What is the hundreds digit of 5004?
0
What is the units digit of 63436?
6
What is the ten thousands digit of 32102?
3
What is the thousands digit of 88304?
8
What is the tens digit of 14329?
2
What is the thousands digit of 4802?
4
What is the units digit of 925?
5
What is the units digit of 330?
0
What is the units digit of 196?
6
What is the thousands digit of 4974?
4
What is the tens digit of 5113?
1
What is the hundreds digit of 1267?
2
What is the thousands digit of 57074?
7
What is the thousands digit of 5055?
5
What is the hundreds digit of 4365?
3
What is the thousands digit of 1598?
1
What is the hundreds digit of 10720?
7
What is the thousands digit of 73880?
3
What is the hundreds digit of 44402?
4
What is the thousands digit of 1367?
1
What is the units digit of 6680?
0
What is the thousands digit of 3479?
3
What is the thousands digit of 60006?
0
What is the ten thousands digit of 13389?
1
What is the hundreds digit of 1222?
2
What is the units digit of 2538?
8
What is the thousands digit of 3474?
3
What is the thousands digit of 87298?
7
What is the tens digit of 1454?
5
What is the units digit of 406?
6
What is the tens digit of 50024?
2
What is the hundreds digit of 69096?
0
What is the tens digit of 11002?
0
What is the units digit of 13764?
4
What is the units digit of 3690?
0
What is the thousands digit of 6569?
6
What is the units digit of 35700?
0
What is the hundreds digit of 737?
7
What is the tens digit of 41336?
3
What is the tens digit of 73897?
9
What is the ten thousands digit of 75173?
7
What is the units digit of 150?
0
What is the tens digit of 1630?
3
What is the hundreds digit of 30983?
9
What is the units digit of 10899?
9
What is the hundreds digit of 1336?
3
What is the hundreds digit of 15798?
7
What is the thousands digit of 6190?
6
What is the units digit of 27?
7
What is the units digit of 651?
1
What is the tens digit of 1013?
1
What is the ten thousands digit of 76050?
7
What is the ten thousands digit of 23326?
2
What is the tens digit of 2980?
8
What is the hundreds digit of 2579?
5
What is the ten thousands digit of 12734?
1
What is the units digit of 3?
3
What is the thousands digit of 6732?
6
What is the units digit of 38?
8
What is the tens digit of 6166?
6
What is the hundreds digit of 250?
2
What is the tens digit of 47994?
9
What is the hundreds digit of 229?
2
What is the units digit of 849?
9
What is the tens digit of 4379?
7
What is the units digit of 10300?
0
What is the tens digit of 58572?
7
What is the units digit of 4356?
6
What is the tens digit of 1665?
6
What is the units digit of 1230?
0
What is the hundreds digit of 2165?
1
What is the tens digit of 4860?
6
What is the tens digit of 35641?
4
What is the hundreds digit of 82342?
3
What is the ten thousands digit of 39361?
3
What is the units digit of 12896?
6
What is the ten thousands digit of 25855?
2
What is the units digit of 107?
7
What is the tens digit of 952?
5
What is the hundreds digit of 24194?
1
What is the hundreds digit of 65066?
0
What is the units digit of 9422?
2
What is the thousands digit of 24885?
4
What is the units digit of 460?
0
What is the tens digit of 4581?
8
What is the tens digit of 9353?
5
What is the hundreds digit of 889?
8
What is the units digit of 53343?
3
What is the tens digit of 27742?
4
What is the tens digit of 101?
0
What is the units digit of 24994?
4
What is the hundreds digit of 8418?
4
What is the thousands digit of 4000?
4
What is the units digit of 1922?
2
What is the thousands digit of 5128?
5
What is the units digit of 551?
1
What is the tens digit of 1864?
6
What is the hundreds digit of 3427?
4
What is the hundreds digit of 5264?
2
What is the thousands digit of 52096?
2
What is the units digit of 43902?
2
What is the tens digit of 53569?
6
What is the thousands digit of 4864?
4
What is the units digit of 5561?
1
What is the hundreds digit of 738?
7
What is the tens d